se 16, what is -3 + 13a2b4e?
13a2b4b
In base 5, what is -14300334034 - -4?
-14300334030
In base 15, what is 18931e - -99?
1893b8
In base 5, what is -1300104022 - -2?
-1300104020
In base 8, what is -32030 - -32764?
734
In base 8, what is 4625626 + 61?
4625707
In base 5, what is -222323040 - -32?
-222323003
In base 16, what is -1f4e0 - -2df?
-1f201
In base 11, what is -22 + -182657?
-182679
In base 14, what is 0 - -83d34b?
83d34b
In base 14, what is 638c - -2833?
8bc1
In base 16, what is 4 - -227180?
227184
In base 7, what is 202454 + 16441?
222225
In base 6, what is 130110 - 532?
125134
In base 6, what is -2 + -3012000522?
-3012000524
In base 9, what is 158 - -783804?
784063
In base 9, what is 17027706 - 5?
17027701
In base 15, what is 4 - -542c7b8?
542c7bc
In base 15, what is -3ab1 + 132?
-397e
In base 7, what is -4236511 + 5?
-4236503
In base 15, what is 3 + 83422d?
834231
In base 4, what is -1321002122211 - 3?
-1321002122220
In base 10, what is -690 - 8149?
-8839
In base 14, what is -3547276 - -c?
-3547268
In base 4, what is 12 - -1112320323110?
1112320323122
In base 7, what is 213466 + -1035?
212431
In base 11, what is -4 - 332a984?
-332a988
In base 16, what is 123 + 3262?
3385
In base 5, what is -221 + 12111231?
12111010
In base 3, what is 1001101202020110 + 2?
1001101202020112
In base 13, what is -1b50 + -4789?
-6609
In base 5, what is 2 + -234341231?
-234341224
In base 14, what is 11 - 530224?
-530213
In base 3, what is 10 - -111011221120200?
111011221120210
In base 9, what is 535437 - 75?
535352
In base 5, what is -20 + 2033122200?
2033122130
In base 8, what is -265 - 2462624?
-2463111
In base 6, what is 301242344 + 51?
301242435
In base 4, what is -10 + -33003133331?
-33003200001
In base 15, what is -198242 - -1?
-198241
In base 6, what is 51231523 - 3?
51231520
In base 11, what is -2773 - 665?
-3328
In base 10, what is 81 - 75953?
-75872
In base 11, what is 264 + 177081?
177335
In base 8, what is 1147600140 + -5?
1147600133
In base 12, what is -9b + 2991a?
2983b
In base 8, what is 25700 + -100?
25600
In base 10, what is 54643396 + -1?
54643395
In base 15, what is -6476d + -143?
-648b1
In base 15, what is -18 + 12c33?
12c1a
In base 13, what is -bc7742 + -5c?
-bc77a1
In base 7, what is -125 + -33454324?
-33454452
In base 14, what is -12c97 + 301c?
-dc79
In base 12, what is 16 - b899959?
-b899943
In base 4, what is 23112132233131 - -3?
23112132233200
In base 15, what is -515caa - -5?
-515ca5
In base 6, what is 1534103 + -2450?
1531213
In base 5, what is 123343410 - -1440?
123400400
In base 4, what is 3 - -23331103011?
23331103020
In base 12, what is -3074a + 56?
-306b4
In base 11, what is -129 - -24467?
24339
In base 5, what is -130 - 21333341230?
-21333341410
In base 3, what is 101202 - 221210122?
-221101220
In base 7, what is 111042 + 2660?
114032
In base 6, what is 40435 - -30302?
111141
In base 13, what is b5a - 257?
903
In base 7, what is -6426012411 - -1?
-6426012410
In base 12, what is -1488756b9 - -4?
-1488756b5
In base 16, what is -aa + bd09?
bc5f
In base 16, what is -977c - ff?
-987b
In base 10, what is 91 + -467089?
-466998
In base 5, what is -30231 - 1140021?
-1220302
In base 7, what is -125004 + 4405?
-120266
In base 16, what is 0 + 19cb6ed?
19cb6ed
In base 8, what is 5246 + 357?
5625
In base 4, what is -1102211 + -23203?
-1132020
In base 8, what is 446 + 206711?
207357
In base 9, what is -163881 + 44?
-163836
In base 8, what is -5265472 + -16?
-5265510
In base 11, what is 222732a7 + -10?
22273297
In base 4, what is -20033120 - 23130?
-20122310
In base 9, what is -111 + -23208?
-23320
In base 9, what is 11837 - 6678?
4148
In base 5, what is 2233403 + 122?
2234030
In base 9, what is -76567 - 24786?
-112464
In base 13, what is 19879a5 - 0?
19879a5
In base 12, what is 6911 - 409?
6504
In base 8, what is -103712 + 217?
-103473
In base 15, what is -1 - -5ad39e?
5ad39d
In base 5, what is 4 + 1023300224?
1023300233
In base 14, what is -3cb96 - -321?
-3c875
In base 9, what is 38 + -210621?
-210572
In base 13, what is -100 + -3c4320?
-3c4420
In base 7, what is 1 + -261235064?
-261235063
In base 8, what is -324146114 + 3?
-324146111
In base 6, what is 114434510224 + 4?
114434510232
In base 7, what is 1436221623 - 2?
1436221621
In base 12, what is -141 - -59396?
59255
In base 13, what is -12807c - -b?
-128071
In base 11, what is -2 + 61a321?
61a31a
In base 10, what is -2 + 57240256?
57240254
In base 9, what is 527 + -303352?
-302724
In base 10, what is -87 - -1159771?
1159684
In base 10, what is -3047 - 7167?
-10214
In base 9, what is -411 - -47032?
46521
In base 2, what is -101011100101111101101100 - -11?
-101011100101111101101001
In base 10, what is 321 + -45408?
-45087
In base 4, what is 100033011103 - -2?
100033011111
In base 14, what is 20a66c2 - 1?
20a66c1
In base 12, what is 27980451 + 4?
27980455
In base 11, what is -15 + 2a34943?
2a34929
In base 8, what is -105 - 16707252?
-16707357
In base 9, what is 15201113 - 34?
15201068
In base 12, what is -20b8b + -228?
-211b7
In base 4, what is 30101022 - -12332?
30120020
In base 15, what is 41 - -d0141?
d0182
In base 9, what is 35 - -225880?
226025
In base 9, what is 8210256 - 1?
8210255
In base 3, what is -212 - 2102011221200?
-2102011222112
In base 9, what is 3865647 + -155?
3865482
In base 8, what is 702617 + 1?
702620
In base 9, what is 4 - -161230?
161234
In base 9, what is -1 + 267421604?
267421603
In base 4, what is 1031331110 + 1002?
1031332112
In base 16, what is -2 - -1f78d60?
1f78d5e
In base 16, what is -1f5b9a + -5?
-1f5b9f
In base 12, what is -3516 - 2a0?
-37b6
In base 2, what is -1001011010 - 10111110?
-1100011000
In base 11, what is 1 - 6779a93?
-6779a92
In base 7, what is -2 - 120524140?
-120524142
In base 5, what is 21404103 + 422?
21410030
In base 3, what is -12100112202111 + 20?
-12100112202021
In base 13, what is 5 - -83a1713?
83a1718
In base 16, what is -d + -2f4e9d?
-2f4eaa
In base 6, what is -11443 - 505504?
-521351
In base 11, what is 266 - 100717?
-100461
In base 13, what is 2c5a69a - -2?
2c5a69c
In base 8, what is 0 + 1075042?
1075042
In base 4, what is 1032212111113 + -122?
1032212110331
In base 4, what is 10021131332212 + -11?
10021131332201
In base 11, what is -14858252 - 20?
-14858272
In base 12, what is 114 - 767570?
-767458
In base 8, what is -16 + 31367554?
31367536
In base 7, what is 13 - 222445325?
-222445312
In base 7, what is -31066443 + 101?
-31066342
In base 13, what is -1 - 8a9c4b2?
-8a9c4b3
In base 7, what is 6614351304 - 1?
6614351303
In base 3, what is -101 + 1012000221221?
1012000221120
In base 11, what is -104 + -19931?
-19a35
In base 12, what is -3598a2 + 158?
-359746
In base 8, what is -13124001 + 4?
-13123775
In base 5, what is -2243314402 + -3?
-2243314410
In base 14, what is -3 - -115cc27?
115cc24
In base 15, what is -755d78 + 1?
-755d77
In base 13, what is 4 - 247a19?
-247a15
In base 15, what is -1b - -3bcd0b?
3bcce0
In base 13, what is -39609b + 0?
-39609b
In base 6, what is -452425 + -20052?
-512521
In base 12, what is 1 - -804b73b?
804b740
In base 16, what is 7588 - bbd?
69cb
In base 12, what is 303a113 + -4?
303a10b
In base 12, what is b461b3 + -73?
b46140
In base 3, what is 11 - 22201100121012020?
-22201100121012002
In base 12, what is -3b220 + -324?
-3b544
In base 14, what is 1017 - 229a?
-1283
In base 3, what is 100 + -20122222?
-20122122
In base 6, what is 31331205142 + -1?
31331205141
In base 12, what is 202 + -1b4a7?
-1b2a5
In base 6, what is 21514400311 + 5?
21514400320
In base 6, what is 513540 - 1211?
512325
In base 6, what is -3 - 10303230555?
-10303231002
In base 2, what is -10101 + -1000010011000111110000?
-1000010011001000000101
In base 2, what is -1001010000010111010001100 + -100?
-1001010000010111010010000
In base 8, what is 12706 - -4001?
16707
In base 9, what is -7801 + -6682?
-15583
In base 4, what is -11 + -200000102011?
-200000102022
In base 14, what is b1 + -4d6b?
-4c9a
In base 13, what is -8b130 + 283?
-8ab7a
In base 7, what is 1262321335 + -3?
1262321332
In base 12, what is -296841312 + -4?
-296841316
In base 16, what is 4c5531 - 5?
4c552c
In base 2, what is 0 + 11101000001000010001000111?
11101000001000010001000111
In base 12, what is -318 + 384?
68
In base 2, what is -11001101110100100010011101 - -1?
-